?
9
Let y(d) = -d**2 - 7*d - 2. Let w be y(-6). Suppose w*f - 233 = 47. Suppose -2*v - 3*v = -f. What is the units digit of v?
4
Suppose -15 = -0*y + y. Let b = -1 - y. What is the units digit of b?
4
Let o = 99 + -69. Let b = -18 + o. What is the units digit of b?
2
Let x(r) = -10*r**2 - 3*r - 4. Let m be x(-4). Let c be m/(-26) + (-4)/(-26). What is the units digit of (-1 + c)*(-16)/(-4)?
0
Suppose -5 = -5*v - 20. Let f = v + 2. What is the units digit of 9/3 + f + 1?
3
Let p(j) = j**2 - j. Let a be p(1). Suppose 3*r + r - 72 = a. Suppose -2*l = 4*o - r, 5*l + 2*o = o + 36. What is the units digit of l?
7
What is the tens digit of (-110)/(-1)*(-4)/(-10)?
4
Let n be -2*(14/(-4) + 2). Let l(v) be the third derivative of v**5/60 + v**4/24 + v**3/3 - v**2. What is the units digit of l(n)?
4
Let g = -11 + 18. What is the units digit of g?
7
Let d(p) = -p**2 - 8*p + 5. Let m = -10 + 1. Let h be d(m). What is the units digit of 2/8 - 19/h?
5
Let a = 13 + 22. What is the units digit of a?
5
Suppose -5*q + 14 = 2*q. What is the units digit of q?
2
What is the units digit of (33/(-9) + 4)/((-1)/(-387))?
9
Suppose 2*h - 3*d - 2*d = 25, -20 = 4*d. Let i be 3 - ((-2)/(-1))/2. Suppose -r - i*r + 12 = h. What is the units digit of r?
4
Let s(b) = -b**3 + b - 2. Let o be s(0). Let h be o/(-5) - (-73)/5. What is the units digit of ((-108)/h)/(-3)*5?
2
Let b(a) be the third derivative of -11*a**4/24 + a**3/6 - a**2. Let j be b(-3). Suppose -5*w + 12 = -4*o - j, 20 = -5*o. What is the units digit of w?
6
Let a(b) = -b + 8. Let c be a(0). Let f = 0 + -3. Let q = c + f. What is the units digit of q?
5
Let r(a) = 6*a + 15. What is the units digit of r(5)?
5
Let a(m) be the second derivative of -10*m**3/3 - m**2 - m. What is the tens digit of a(-1)?
1
Suppose 3*t - 355 = -5*b, -8*t + 71 = b - 3*t. What is the tens digit of b?
7
Let f(n) = -n**2 + 9*n + 5. Let a be f(8). Suppose 3*s + 3*c + a - 67 = 0, -3 = -c. What is the tens digit of s?
1
Suppose 0 = 5*t + 4*d + 4, -3*t + 2 = 2*t - 2*d. Suppose t = -w - 3 - 7. What is the units digit of ((-1)/(-1))/((-1)/w)?
0
Let y be ((-15)/6)/(-5)*0. Suppose y = -i - 4*i. What is the units digit of i + (9 - (-6)/(-3))?
7
Suppose -2*m - 3*m = -45. Let p = m - 6. What is the units digit of p?
3
Let g(u) = 2*u - 2. Let m be g(-2). Let q(i) = 2 + 1 - 3 + i**3 + 1 + 6*i**2. What is the units digit of q(m)?
1
Let k = 33 - 60. Let b = k - -52. What is the units digit of b?
5
Let x be -3 + 1 - (-10)/2. Suppose n = -x*n. Suppose n*b + b - 11 = 0. What is the units digit of b?
1
Let t(d) be the second derivative of -d**5/20 - d**3/3 - 3*d**2/2 + 9*d. What is the units digit of t(-3)?
0
Let n = 106 - -26. What is the tens digit of n?
3
Suppose 0 = -3*p + 6*p - 66. What is the units digit of p?
2
Suppose 12*u = 18*u - 1152. What is the tens digit of u?
9
Let z be 10/((-3*1)/3). Let j be (z/15)/((-2)/9). What is the tens digit of (-9)/(-6)*22/j?
1
Suppose 10*h - 616 - 104 = 0. What is the tens digit of h?
7
Suppose -5*p + 1 = 3*i - 0, -16 = -2*p + 4*i. Suppose -2*l + 2 + 1 = -h, -p*l = -5*h + 1. Suppose 8 - l = 3*b. What is the units digit of b?
2
Let m(a) = a**3 + 6*a**2 + 3*a - 9. What is the units digit of m(-4)?
1
Let q = 3 + -3. Suppose q*u = 3*u. Let d(v) = v**2 - v + 12. What is the units digit of d(u)?
2
Let i = -11 - -17. Suppose g - i*g + x = -32, -16 = -4*g + 4*x. What is the units digit of g?
7
Suppose -5*c + 7 = -3. Suppose 0 = 5*x + c*s - 67 - 58, 0 = -5*x - 4*s + 125. What is the tens digit of x?
2
Suppose 3 = 4*n - 9. Suppose 2*k - 2*g = n*g, k - g = 0. Suppose k = 2*x + 5*r - 15, -3*x + 0*x + r = -14. What is the units digit of x?
5
Let q(j) = j**3 + 5*j**2 - 7*j - 3. Let i be q(-6). Suppose i*l + 2*o = -o + 3, -3*l - 5*o = -3. What is the units digit of l?
1
Suppose -3*y + y = -6. Let o(g) = 4*g + 1. What is the units digit of o(y)?
3
Suppose -4*i - 64 = -6*i. Let p = i - -19. What is the tens digit of p?
5
What is the units digit of (9 - 7)/(1/1)?
2
Let t(r) = r**2 - 6*r. Let x be (-1)/(1 + (-4)/6). Let m(u) = -2*u**2 + 12*u. Let p(d) = x*m(d) - 7*t(d). What is the units digit of p(4)?
8
Let b(c) = c**2 + c - 4. Let y be b(-3). Suppose y*q + 2 = 2*l, 3*q - 2*q = -l + 7. What is the units digit of l?
4
Suppose -5*u + 3*b = 12, -2*b = -2*u - 3*b + 4. Suppose -4*v + u*v = -32. What is the units digit of v?
8
Let o be -2 + 3*(-52)/(-6). Let j = -3 + 6. Suppose -3*d = -j - o. What is the units digit of d?
9
Let y(s) = -s**3 - s**2 - s + 16. Let r be y(0). Let a = r + -10. What is the units digit of a?
6
Suppose -10*r + 5*r = 0. Let y(z) = -2*z + 19. What is the units digit of y(r)?
9
Let d be (-2)/((-2)/18*-3). Let i(g) = g**3 + 5*g**2 - 6*g + 7. What is the units digit of i(d)?
7
Let g = 30 - 42. Let t = g + 25. What is the units digit of t?
3
Suppose 6*z = 4*z + 2*m + 116, -224 = -4*z - 4*m. Let l = z + -26. What is the tens digit of l?
3
Suppose -15 = -0*s - 3*s. Suppose 5*r - s*p = 90, -4*r + 3*p = -9*r + 90. What is the units digit of r?
8
Let g(w) = -2*w**2 + 2*w + 2. Let q be g(2). Let i(n) = n + 3. Let a be i(q). Let y(l) = 3*l**2 + l - 1. What is the units digit of y(a)?
3
Let y(w) = 141*w - 5. What is the hundreds digit of y(1)?
1
Let o(d) = 5*d**2 + 2. Let j be o(3). Let m = -22 + j. What is the tens digit of m?
2
Suppose 3*f = -5*w + 15, 5*f = -w + 4*f + 3. Suppose -3*k = -3*y + 10 + 14, -w*k = -12. Let b = y - 7. What is the units digit of b?
5
Suppose -8*k + 7*k + 11 = 0. What is the tens digit of k?
1
Let g be (-86)/(-10) - 22/(-55). Suppose r - g = 8. What is the tens digit of r?
1
Let i(y) = -44*y**3 + 2*y**2 + y. Let h be i(-1). Suppose -4*k + 19 = -5*u - h, -5*k + 43 = 3*u. What is the units digit of k?
1
Suppose -4*k + 8 = 0, 4*r - k = 119 + 199. What is the tens digit of r?
8
Let h(z) = -3*z - 11. What is the tens digit of h(-9)?
1
Let r = 308 - 175. What is the tens digit of r?
3
Suppose 5*g + 19 + 1 = -p, 0 = -2*p + 2*g + 20. Let t = 5 - 0. Let k = p + t. What is the tens digit of k?
1
Let p(f) = 2*f. Let w(m) = -1 - 13*m + 5*m - 5 - m**2. Let z be w(-7). What is the units digit of p(z)?
2
Let u(x) = -2*x**3 + 3*x**2 - 4*x - 4. What is the tens digit of u(-3)?
8
Let n(i) = -i**3 + 2*i**2 + 5*i - 2. Let j be n(3). What is the units digit of ((-7)/j)/(1/(-4))?
7
What is the tens digit of (-22 - 1)/((-1)/(0 + 1))?
2
Suppose -20*f + 15*f + 320 = 0. What is the tens digit of f?
6
Let k(a) = a + 5. Let w be k(-2). What is the tens digit of w/12 + (-220)/(-16)?
1
Let o(w) = w - 1. Let a be o(4). Let i(v) = -6*v + 5*v - v**2 + v**3 - 2*v**a - 1. What is the units digit of i(-2)?
5
Let y(h) = h + 4. Let v be y(-4). What is the tens digit of v + 2 + (23 - 2)?
2
What is the units digit of 2/(-4) + 182/4?
5
Suppose 0 = -4*d + 52 + 108. Suppose 0 = -u - 3*u + d. What is the tens digit of u?
1
Suppose 4*o - 10 = 6*o. What is the units digit of (12/5)/(-1)*o?
2
Suppose 0 = 5*y + 5*t - 180, -2*t = -3*y - 7*t + 106. Suppose 0 = -5*d - 2 + y. What is the units digit of d?
7
Suppose -2 = l, 2*y - 24 = 4*l + 24. Suppose -2*j + 64 = -y. What is the units digit of j?
2
Let z(s) = 10*s + 5. Let w be z(7). What is the units digit of (-6)/(-27) + w/27?
3
Suppose g - 13 = 5*m, -5*g + 17 + 4 = -3*m. Let p be 2/(2 - (3 + m)). Suppose -3*u - u + 7 = i, -7 = -3*i + p*u. What is the units digit of i?
3
Let z be 13/(2 + 0 + -3). Let v = 3 - z. What is the tens digit of v?
1
Let r = -6 - -5. Let z be 2/10*(-5)/r. Suppose 0 = 2*v - z - 9. What is the units digit of v?
5
Suppose 0 = -3*m - 12, 2*c + 26 = 7*c + m. Suppose -w + c*w = 0. What is the units digit of (2 - w)/(-4 + 5)?
2
Let b(l) = -l**2 - 11. Let d be b(0). Suppose s = -5*m + 6*s + 5, -5*m + s = 11. Let q = m - d. What is the units digit of q?
8
Suppose 69 = 4*o - 107. What is the tens digit of o?
4
Let a(r) = r + 4. Suppose 3*f - 4*f = -9. Let d = -6 + f. What is the units digit of a(d)?
7
Let q be (-4)/6*3/(-2). What is the units digit of (-20)/(-8)*6 - q?
4
Suppose -3*c = v - 29, 0 = 5*v + 3*c + 2*c - 185. What is the tens digit of v?
4
Let y be 4/10 - (-8)/5. Suppose 2*x - 38 = 3*c - y*x, -3*c = -3*x + 33. What is the units digit of (2/c)/(5/(-15))?
1
Suppose -9*f = -793 - 629. What is the units digit of f?
8
Suppose -1 = -8*u + 7*u. What is the units digit of u?
1
S